 -2*j + 2*h + 4 - 2 = u, 10 = j + 2*h. List the prime factors of j.
2
Let i(p) = 9*p - 3. Let y be i(4). Let a = y - 11. List the prime factors of a.
2, 11
Let u(y) = y**3 + 5*y**2 + 3*y - 1. Let b be u(-4). Suppose b*p - 4 = -p. What are the prime factors of p*(-3 + 1 + 13)?
11
Let i be 1/(1 + 8/(-7)). Let h be 14/6*21/i. Let p = h - -11. List the prime factors of p.
2
Let t = 21 - 5. What are the prime factors of t?
2
Let l = -51 - -102. What are the prime factors of l?
3, 17
Suppose 5*l - 3*b = 160, -2*b + 160 = 5*l - 3*b. What are the prime factors of l?
2
Suppose 0 = 2*l - 4*n - 0*n, n = -4*l + 9. Let y(c) = c + 8. Let q be y(-4). Suppose l*x + 0 - q = 0. List the prime factors of x.
2
Let y(i) be the third derivative of -i**4/24 - 7*i**3/6 + 2*i**2. Let q be y(-7). Suppose q = g - 2*f + 6*f - 31, -5*g + 3*f = -40. List the prime factors of g.
11
Suppose -2*b = -8, 5*m = m - 2*b + 4. What are the prime factors of (m + 4)/(6/38)?
19
Suppose 0 = 6*z - 2*z - 108. List the prime factors of z.
3
Let a(c) = 3*c + 1. Let n be (-2)/6 - 38/(-6). Suppose -4*h + n = -6. What are the prime factors of a(h)?
2, 5
Let b(j) = -j**2 - 5*j - 4. Let l be b(-3). Let i be 2/(16/26) + 13/(-52). Suppose -i*w + l*w = -19. List the prime factors of w.
19
Let t(u) = 17*u - 12. List the prime factors of t(4).
2, 7
Let q(c) = -c**2 - 6*c. Let t be q(-5). Let h(v) = 22*v + 4. Let a be h(3). Suppose 0 = -5*l - t*r + a, -2*l + 4*r = 2*l - 64. What are the prime factors of l?
3, 5
What are the prime factors of ((-9)/6)/(4/(-8))?
3
Let a(x) = x + 7. Let j be a(-5). Suppose -j*r = r - 9. What are the prime factors of (22/(-4))/(r/(-6))?
11
Let n = -9 + 20. Let k = -3 + n. List the prime factors of k.
2
Let u be (-15)/(-6)*(-6)/(-5). Let w(m) = -1 + u - m - 5. What are the prime factors of w(-7)?
2
Let o(n) = n**3 + 11*n**2 + 8*n - 7. Let q be o(-10). Suppose -5*z + 2 = -q. Suppose 0*r + 30 = z*r. What are the prime factors of r?
2, 5
Let b(y) = y**2 + 2*y. What are the prime factors of b(5)?
5, 7
Let u(t) = t**3 - 4*t**2 + 2*t - 5. Let m be u(4). Suppose 0 = -m*n - 2*n. Suppose y - 3*y + 8 = n. List the prime factors of y.
2
Let y be (28/10)/((-9)/(-45)). Let a = 18 - y. What are the prime factors of a?
2
Let b = 72 - 47. Let o = 11 + -8. Suppose 11 + b = o*u. What are the prime factors of u?
2, 3
Suppose -25 = -2*c + 3*n, -4*n = 2*c - c - 40. List the prime factors of c.
2, 5
Let l be 2/(-12) - 75/(-18). Let n(x) = 3*x + 2. List the prime factors of n(l).
2, 7
Suppose 5*a - 5 = -0. Let c be ((a + -2)/(-1))/(-1). List the prime factors of c/4 + (-196)/(-16).
2, 3
Suppose 5*i + i = 1434. List the prime factors of i.
239
What are the prime factors of 2/(-12) - (-109)/6?
2, 3
Suppose -5*m - 2*a + 132 = -3*a, -98 = -4*m - 3*a. What are the prime factors of m?
2, 13
Suppose 17*a = 6667 - 2740. What are the prime factors of a?
3, 7, 11
Let t be 2/(-8) + 13/4. Let k(o) = -3*o**2 + o**t + 0*o + 0*o + 3*o. What are the prime factors of k(2)?
2
Let v = 43 - 13. Suppose -3*f = -4*u + v, -2*u = -0*u - f - 14. List the prime factors of u.
2, 3
Let c = -40 - -16. Let y = -12 - c. List the prime factors of y.
2, 3
Let o(z) = -z**2 - 10*z - 3. Let p be o(-9). Let x = p - -4. Suppose -x - 10 = -5*w - 5*m, 5*w = -3*m + 20. What are the prime factors of w?
2
Let k = -6 - -8. Let w = k + 15. What are the prime factors of w?
17
Suppose 97 = k - 6. What are the prime factors of k?
103
Let n(f) = -6*f - 24. What are the prime factors of n(-14)?
2, 3, 5
Suppose 3*g + g - 8 = 0. Suppose 5*s = 2*t + 5, -4*s + g*s = -2*t + 4. What are the prime factors of t?
5
Let p(a) = -a**3 + 10*a**2 - 13*a + 11. What are the prime factors of p(8)?
5, 7
Suppose 69 = a - 4*y, -20 = 5*y - y. What are the prime factors of a?
7
Let x be (-3)/(-5 - -2) + 1. Let y be (-8)/6*3/x. What are the prime factors of 2 - 8/(-3 - y)?
2, 5
Let w be ((-5)/10)/((-1)/4). Suppose -l + o + 26 = w*l, -8 = -2*o. List the prime factors of l.
2, 5
Suppose -2*v + 2*s = -s - 17, -4*s - 28 = -4*v. Let z be (-9 - -6) + 40/1. Suppose v*c - z = 11. What are the prime factors of c?
2, 3
Let n(i) = -5*i**3 - 3*i**2 + 6*i. Let p(c) = 4*c**3 + 4*c**2 - 6*c - 1. Let u(l) = 5*n(l) + 6*p(l). What are the prime factors of u(8)?
2, 5
List the prime factors of 6 - (-2*3 + (-12)/(-4)).
3
Let r(x) = -5*x + 1. Let m(f) = 0 - 9 + 26*f + 3. Let n(w) = -3*m(w) - 16*r(w). List the prime factors of n(4).
2, 5
Let b be 4 + (-3 - 3/(-1)). Suppose -b*o + 2*x = -118, -5*x + 0*x + 5 = 0. Let a = o - 17. What are the prime factors of a?
13
Let h(f) = -3*f**3 - 8*f**2 + 9*f - 5. Let z(a) = -10*a**3 - 24*a**2 + 27*a - 15. Let w(t) = -7*h(t) + 2*z(t). List the prime factors of w(-9).
5
Let r = 62 + -92. Let p = -18 - r. List the prime factors of p + -1 - (-2 - -1).
2, 3
Let q(k) = -k**3 + 4*k**2 - k. Let x be q(4). List the prime factors of (38/4)/((-2)/x).
19
What are the prime factors of 21/(5*(-3)/(-15))?
3, 7
Suppose 3*k = 4*k - 49. What are the prime factors of k?
7
Suppose 0 = -7*f + 4*f. Let g = -4 - f. List the prime factors of 2/(3/g - -1).
2
Let j(b) be the third derivative of b**5/30 + b**4/6 + 7*b**3/6 - 6*b**2. List the prime factors of j(4).
5, 11
Suppose -6 = 2*c - 3*c. What are the prime factors of (-16)/(-6) - 4/c?
2
What are the prime factors of 33 - ((-4)/2 - -1)?
2, 17
Suppose q - 54 = 115. List the prime factors of q.
13
Let s = -8 - -5. Let c be (-12)/(-10)*(-20)/s. Let n = c + 3. List the prime factors of n.
11
Let k(u) = 35 - 19*u - 35. What are the prime factors of k(-1)?
19
Let a(q) = 10*q**2 + 4*q + 8. List the prime factors of a(-3).
2, 43
Suppose -2*x + 10 + 536 = 0. What are the prime factors of x?
3, 7, 13
Let q(o) = 5*o**2 + 3*o + 6 - 2*o**2 - 2*o**2. What are the prime factors of q(-7)?
2, 17
Let g = 14 - 8. Let z(t) = t - 4. Let i be z(g). Suppose -5*s = n - 80, 2*s - 10 - 34 = i*n. List the prime factors of s.
17
Let x = -4 + 7. Suppose m = -4*y - 46, x*m - 20 = 2*y + 10. Let n = y + 22. List the prime factors of n.
2, 5
Let i(q) = 3*q**2 - 2*q + 3. Let w = 6 - 8. Let z = w + 4. What are the prime factors of i(z)?
11
Let p = 6 - -1. What are the prime factors of p?
7
Let u(a) = -a - 6. Let d be u(-9). Suppose 5*x + 18 = d*h, 5*h = 4*x + 20 + 10. List the prime factors of h.
2, 3
Let n = 115 + 50. What are the prime factors of n?
3, 5, 11
Let c = 10 - 31. List the prime factors of (c/(-6))/(1/2).
7
List the prime factors of (-2)/4 - (-145)/10.
2, 7
Let o(z) = z**3 - 4*z**2 + 5. Suppose 5*p + 0 = 4*c - 36, c - 5*p - 24 = 0. List the prime factors of o(c).
5
Let m = 594 + -317. List the prime factors of m.
277
Suppose 4*d + 5*g - 13 = 3*d, -3*g - 21 = -3*d. What are the prime factors of d?
2
Let b(z) = z**3 - 13*z**2 + 14*z - 7. Let m be (1/2)/(7/168). What are the prime factors of b(m)?
17
Let t = 418 + -268. What are the prime factors of t?
2, 3, 5
Suppose -4*k + 7 = -1. Suppose -k*s + 8 + 8 = 0. List the prime factors of s.
2
Let r be 1 + (-2)/(-2) - -9. Let g = r - -11. List the prime factors of g.
2, 11
Let r(q) = -11*q**2 + 29*q + 33. Let a(b) = -5*b**2 + 14*b + 16. Let d be (-3)/(-15) + 19/5. Let g(x) = d*r(x) - 9*a(x). List the prime factors of g(12).
2, 3
Let x = -15 + -7. Let i = x + 36. List the prime factors of i.
2, 7
Let b = -19 - -10. Let w = -3 - b. What are the prime factors of w?
2, 3
Suppose 2*j = 3*k + 8 - 22, 0 = 2*j - 5*k + 22. Let h be (0 - -5) + 2/j. Suppose 4*r - 23 = -h*x, -5*r - x = -0*x - 15. List the prime factors of r.
2
Let r = -12 - -11. Let n(d) = 1 + 0*d**2 - d**2 + 2*d**2. List the prime factors of n(r).
2
Let m = 13 + -9. Let y(q) be the second derivative of q**3/6 + 3*q**2/2 - 2*q. List the prime factors of y(m).
7
Let l be (9/12)/((-3)/(-12)). Suppose -l*t = -t - 2, 3*w = 3*t + 24. List the prime factors of w.
3
Let r = -18 - -21. List the prime factors of r.
3
Let i be 15/(-60) - (-1)/4. Suppose d = -i*d + 15. List the prime factors of d.
3, 5
Suppose 0 = -4*k - k + 55. Let d = 1 + k. Suppose -w + d = w. What are the prime factors of w?
2, 3
Suppose -2*k - 2*k = 0. What are the prime factors of 3 + (4 - 3)*k?
3
Let w(c) = -c**3 + 7*c**2 + 6*c + 12. What are the prime factors of w(7)?
2, 3
Let p be 1/1 + 32 + 2. Let y = 49 - p. Let x = y + -7. What are the prime factors of x?
7
Let n(y) = -2 + 0 